{"id":8,"date":"2018-06-08T15:28:58","date_gmt":"2018-06-08T13:28:58","guid":{"rendered":"https:\/\/onyxdevelopment.pl\/targowa3\/?page_id=8"},"modified":"2019-02-20T16:16:17","modified_gmt":"2019-02-20T15:16:17","slug":"home","status":"publish","type":"page","link":"https:\/\/onyxdevelopment.pl\/targowa3\/","title":{"rendered":"Home"},"content":{"rendered":"<p>Inwestycja realizowana przez Onyx Development.<\/p>\n<p>Z przyjemno\u015bci\u0105 mo\u017cemy zaprezentowa\u0107 Pa\u0144stwu nasz\u0105 now\u0105 inwestycj\u0119 mieszkaniow\u0105 przy ulicy Targowej 3 na Zielonej Dolinie w Pile.<\/p>\n<p>W ramach tej inwestycji powstaje budynek wielorodzinny czterokondygnacyjny, w kt\u00f3rym usytuowane b\u0119d\u0105 42 mieszkania, lokal u\u017cytkowy (gara\u017c wielostanowiskowy) z 15 miejscami postojowymi oraz 1 lokal handlowy.<\/p>\n<p>\u015aciany zewn\u0119trzne budynku wykonane zostan\u0105 z pustak\u00f3w ceramicznych (phoroterm), kt\u00f3re dobrze akumuluj\u0105 ciep\u0142o i powoli oddaj\u0105 je otoczeniu, dzi\u0119ki czemu w naturalny spos\u00f3b pomagaj\u0105 utrzyma\u0107 w mieszkaniach optymaln\u0105 temperatur\u0119 zar\u00f3wno zim\u0105, jak i latem. Jest to pewne novum na rynku nowych mieszka\u0144 w Pile, ale wyszli\u015bmy z za\u0142o\u017cenia, \u017ce nie cena, a jako\u015b\u0107 b\u0119dzie stanowi\u0107 dla nas najlepsz\u0105 reklam\u0119.<\/p>\n<p>Na balkonach montowa\u0107 b\u0119dziemy wysokiej jako\u015bci balustrady szklane. Okna o du\u017cej powierzchni na\u015bwietlania, trzyszybowe.<\/p>\n<p>Ogrzewanie miejskie z sieci MEC-u. W cenie mieszkania grzejniki w pokojach oraz ogrzewanie pod\u0142ogowe w \u0142azienkach (zgodnie z projektem). Na etapie budowy istnieje mo\u017cliwo\u015b\u0107 zmiany sposobu ogrzewania mieszkania z grzejnik\u00f3w na ogrzewanie pod\u0142ogowe, grzejniki kana\u0142owe lub ogrzewanie mieszane.<\/p>\n<p>Cz\u0119\u015bci wsp\u00f3lne budynku takie jak klatka schodowa czy specjalne pomieszczenie na gospodarowanie odpadami b\u0119d\u0105 w pe\u0142ni wyko\u0144czone w nowoczesnej stylistyce.<\/p>\n<p>Spora cz\u0119\u015b\u0107 mieszka\u0144 b\u0119dzie przystosowana dla potrzeb os\u00f3b niepe\u0142nosprawnych.<\/p>\n<p>W budynku zaprojektowana zosta\u0142a winda. Ponadto przewidzieli\u015bmy r\u00f3wnie\u017c rowerowni\u0119\/w\u00f3zkowni\u0119 zlokalizowan\u0105 tu\u017c przy g\u0142\u00f3wnym wej\u015bciu do budynku przeznaczon\u0105 do wsp\u00f3lnego u\u017cytku w\u0142a\u015bcicieli mieszka\u0144.<br \/>\nElewacja budynku zostanie wykonana zgodnie z wizualizacj\u0105 \u2013 p\u0142ytki elewacyjne IZOFLEX i tynk mineralny o granulacji poni\u017cej 0,5mm \u2013 pomalowany farb\u0105 silikatow\u0105 w kolorach zgodnych z wizualizacj\u0105. Materia\u0142y, kt\u00f3re zostan\u0105 u\u017cyte do wykonania elewacji nie s\u0105 przypadkowe. Ich w\u0142a\u015bciwo\u015bci sprawi\u0105, \u017ce budynek b\u0119dzie si\u0119 doskonale prezentowa\u0142 przez d\u0142ugie lata, co b\u0119dzie mia\u0142o r\u00f3wnie\u017c wp\u0142yw na niski koszt jego utrzymania przez w\u0142a\u015bcicieli tworz\u0105cych wsp\u00f3lnot\u0119 mieszkaniow\u0105.<\/p>\n<p>Na terenie dzia\u0142ki zapewniamy 33 miejsca postojowe, w tym miejsca dostosowane dla potrzeb os\u00f3b niepe\u0142nosprawnych.<\/p>\n","protected":false},"excerpt":{"rendered":"<p>Inwestycja realizowana przez Onyx Development. Z przyjemno\u015bci\u0105 mo\u017cemy zaprezentowa\u0107 Pa\u0144stwu nasz\u0105 now\u0105 inwestycj\u0119 mieszkaniow\u0105 przy ulicy Targowej 3 na Zielonej Dolinie w Pile. W ramach tej inwestycji powstaje budynek wielorodzinny czterokondygnacyjny, w kt\u00f3rym usytuowane b\u0119d\u0105 42 mieszkania, lokal u\u017cytkowy (gara\u017c wielostanowiskowy) z 15 miejscami postojowymi oraz 1 lokal handlowy. \u015aciany zewn\u0119trzne budynku wykonane zostan\u0105 z [&hellip;]<\/p>\n","protected":false},"author":1,"featured_media":0,"parent":0,"menu_order":0,"comment_status":"closed","ping_status":"closed","template":"home-page.php","meta":{"footnotes":""},"class_list":["post-8","page","type-page","status-publish","hentry"],"yoast_head":"<!-- This site is optimized with the Yoast SEO plugin v24.5 - https:\/\/yoast.com\/wordpress\/plugins\/seo\/ -->\n<title>Targowa 3 - ONYX Development<\/title>\n<meta name=\"description\" content=\"Z przyjemno\u015bci\u0105 mo\u017cemy zaprezentowa\u0107 Pa\u0144stwu nasz\u0105 najnowsz\u0105 inwestycj\u0119 mieszkaniow\u0105 przy ulicy Targowej 3 na Zielonej Dolinie w Pile.\" \/>\n<meta name=\"robots\" content=\"index, follow, max-snippet:-1, max-image-preview:large, max-video-preview:-1\" \/>\n<link rel=\"canonical\" href=\"https:\/\/onyxdevelopment.pl\/targowa3\/\" \/>\n<meta property=\"og:locale\" content=\"pl_PL\" \/>\n<meta property=\"og:type\" content=\"article\" \/>\n<meta property=\"og:title\" content=\"Nowa inwestycja mieszkaniowa przy ulicy Targowej 3 w Pile - ONYX Development\" \/>\n<meta property=\"og:description\" content=\"W ramach inwestycji powstaje budynek wielorodzinny czterokondygnacyjny, w kt\u00f3rym usytuowane b\u0119d\u0105 42 mieszkania, lokal u\u017cytkowy (gara\u017c wielostanowiskowy) z 15 miejscami postojowymi oraz 1 lokal handlowy.\" \/>\n<meta property=\"og:url\" content=\"https:\/\/onyxdevelopment.pl\/targowa3\/\" \/>\n<meta property=\"og:site_name\" content=\"Targowa 3\" \/>\n<meta property=\"article:publisher\" content=\"https:\/\/www.facebook.com\/onyxdevelopment\/\" \/>\n<meta property=\"article:modified_time\" content=\"2019-02-20T15:16:17+00:00\" \/>\n<meta property=\"og:image\" content=\"https:\/\/onyxdevelopment.pl\/targowa3\/wp-content\/uploads\/2018\/07\/3-1-2.jpg\" \/>\n\t<meta property=\"og:image:width\" content=\"1100\" \/>\n\t<meta property=\"og:image:height\" content=\"619\" \/>\n\t<meta property=\"og:image:type\" content=\"image\/jpeg\" \/>\n<meta name=\"twitter:card\" content=\"summary_large_image\" \/>\n<meta name=\"twitter:label1\" content=\"Szacowany czas czytania\" \/>\n\t<meta name=\"twitter:data1\" content=\"2 minuty\" \/>\n<script type=\"application\/ld+json\" class=\"yoast-schema-graph\">{\"@context\":\"https:\/\/schema.org\",\"@graph\":[{\"@type\":\"WebPage\",\"@id\":\"https:\/\/onyxdevelopment.pl\/targowa3\/\",\"url\":\"https:\/\/onyxdevelopment.pl\/targowa3\/\",\"name\":\"Targowa 3 - ONYX Development\",\"isPartOf\":{\"@id\":\"https:\/\/onyxdevelopment.pl\/targowa3\/#website\"},\"datePublished\":\"2018-06-08T13:28:58+00:00\",\"dateModified\":\"2019-02-20T15:16:17+00:00\",\"description\":\"Z przyjemno\u015bci\u0105 mo\u017cemy zaprezentowa\u0107 Pa\u0144stwu nasz\u0105 najnowsz\u0105 inwestycj\u0119 mieszkaniow\u0105 przy ulicy Targowej 3 na Zielonej Dolinie w Pile.\",\"breadcrumb\":{\"@id\":\"https:\/\/onyxdevelopment.pl\/targowa3\/#breadcrumb\"},\"inLanguage\":\"pl-PL\",\"potentialAction\":[{\"@type\":\"ReadAction\",\"target\":[\"https:\/\/onyxdevelopment.pl\/targowa3\/\"]}]},{\"@type\":\"BreadcrumbList\",\"@id\":\"https:\/\/onyxdevelopment.pl\/targowa3\/#breadcrumb\",\"itemListElement\":[{\"@type\":\"ListItem\",\"position\":1,\"name\":\"Strona g\u0142\u00f3wna\",\"item\":\"https:\/\/onyxdevelopment.pl\/targowa3\/\"},{\"@type\":\"ListItem\",\"position\":2,\"name\":\"Home\"}]},{\"@type\":\"WebSite\",\"@id\":\"https:\/\/onyxdevelopment.pl\/targowa3\/#website\",\"url\":\"https:\/\/onyxdevelopment.pl\/targowa3\/\",\"name\":\"Targowa 3\",\"description\":\"ONYX Development\",\"publisher\":{\"@id\":\"https:\/\/onyxdevelopment.pl\/targowa3\/#organization\"},\"potentialAction\":[{\"@type\":\"SearchAction\",\"target\":{\"@type\":\"EntryPoint\",\"urlTemplate\":\"https:\/\/onyxdevelopment.pl\/targowa3\/?s={search_term_string}\"},\"query-input\":{\"@type\":\"PropertyValueSpecification\",\"valueRequired\":true,\"valueName\":\"search_term_string\"}}],\"inLanguage\":\"pl-PL\"},{\"@type\":\"Organization\",\"@id\":\"https:\/\/onyxdevelopment.pl\/targowa3\/#organization\",\"name\":\"Onyx Development\",\"url\":\"https:\/\/onyxdevelopment.pl\/targowa3\/\",\"logo\":{\"@type\":\"ImageObject\",\"inLanguage\":\"pl-PL\",\"@id\":\"https:\/\/onyxdevelopment.pl\/targowa3\/#\/schema\/logo\/image\/\",\"url\":\"https:\/\/onyxdevelopment.pl\/targowa3\/wp-content\/uploads\/2018\/08\/logo-or-big.jpg\",\"contentUrl\":\"https:\/\/onyxdevelopment.pl\/targowa3\/wp-content\/uploads\/2018\/08\/logo-or-big.jpg\",\"width\":1293,\"height\":496,\"caption\":\"Onyx Development\"},\"image\":{\"@id\":\"https:\/\/onyxdevelopment.pl\/targowa3\/#\/schema\/logo\/image\/\"},\"sameAs\":[\"https:\/\/www.facebook.com\/onyxdevelopment\/\"]}]}<\/script>\n<!-- \/ Yoast SEO plugin. -->","yoast_head_json":{"title":"Targowa 3 - ONYX Development","description":"Z przyjemno\u015bci\u0105 mo\u017cemy zaprezentowa\u0107 Pa\u0144stwu nasz\u0105 najnowsz\u0105 inwestycj\u0119 mieszkaniow\u0105 przy ulicy Targowej 3 na Zielonej Dolinie w Pile.","robots":{"index":"index","follow":"follow","max-snippet":"max-snippet:-1","max-image-preview":"max-image-preview:large","max-video-preview":"max-video-preview:-1"},"canonical":"https:\/\/onyxdevelopment.pl\/targowa3\/","og_locale":"pl_PL","og_type":"article","og_title":"Nowa inwestycja mieszkaniowa przy ulicy Targowej 3 w Pile - ONYX Development","og_description":"W ramach inwestycji powstaje budynek wielorodzinny czterokondygnacyjny, w kt\u00f3rym usytuowane b\u0119d\u0105 42 mieszkania, lokal u\u017cytkowy (gara\u017c wielostanowiskowy) z 15 miejscami postojowymi oraz 1 lokal handlowy.","og_url":"https:\/\/onyxdevelopment.pl\/targowa3\/","og_site_name":"Targowa 3","article_publisher":"https:\/\/www.facebook.com\/onyxdevelopment\/","article_modified_time":"2019-02-20T15:16:17+00:00","og_image":[{"width":1100,"height":619,"url":"https:\/\/onyxdevelopment.pl\/targowa3\/wp-content\/uploads\/2018\/07\/3-1-2.jpg","type":"image\/jpeg"}],"twitter_card":"summary_large_image","twitter_misc":{"Szacowany czas czytania":"2 minuty"},"schema":{"@context":"https:\/\/schema.org","@graph":[{"@type":"WebPage","@id":"https:\/\/onyxdevelopment.pl\/targowa3\/","url":"https:\/\/onyxdevelopment.pl\/targowa3\/","name":"Targowa 3 - ONYX Development","isPartOf":{"@id":"https:\/\/onyxdevelopment.pl\/targowa3\/#website"},"datePublished":"2018-06-08T13:28:58+00:00","dateModified":"2019-02-20T15:16:17+00:00","description":"Z przyjemno\u015bci\u0105 mo\u017cemy zaprezentowa\u0107 Pa\u0144stwu nasz\u0105 najnowsz\u0105 inwestycj\u0119 mieszkaniow\u0105 przy ulicy Targowej 3 na Zielonej Dolinie w Pile.","breadcrumb":{"@id":"https:\/\/onyxdevelopment.pl\/targowa3\/#breadcrumb"},"inLanguage":"pl-PL","potentialAction":[{"@type":"ReadAction","target":["https:\/\/onyxdevelopment.pl\/targowa3\/"]}]},{"@type":"BreadcrumbList","@id":"https:\/\/onyxdevelopment.pl\/targowa3\/#breadcrumb","itemListElement":[{"@type":"ListItem","position":1,"name":"Strona g\u0142\u00f3wna","item":"https:\/\/onyxdevelopment.pl\/targowa3\/"},{"@type":"ListItem","position":2,"name":"Home"}]},{"@type":"WebSite","@id":"https:\/\/onyxdevelopment.pl\/targowa3\/#website","url":"https:\/\/onyxdevelopment.pl\/targowa3\/","name":"Targowa 3","description":"ONYX Development","publisher":{"@id":"https:\/\/onyxdevelopment.pl\/targowa3\/#organization"},"potentialAction":[{"@type":"SearchAction","target":{"@type":"EntryPoint","urlTemplate":"https:\/\/onyxdevelopment.pl\/targowa3\/?s={search_term_string}"},"query-input":{"@type":"PropertyValueSpecification","valueRequired":true,"valueName":"search_term_string"}}],"inLanguage":"pl-PL"},{"@type":"Organization","@id":"https:\/\/onyxdevelopment.pl\/targowa3\/#organization","name":"Onyx Development","url":"https:\/\/onyxdevelopment.pl\/targowa3\/","logo":{"@type":"ImageObject","inLanguage":"pl-PL","@id":"https:\/\/onyxdevelopment.pl\/targowa3\/#\/schema\/logo\/image\/","url":"https:\/\/onyxdevelopment.pl\/targowa3\/wp-content\/uploads\/2018\/08\/logo-or-big.jpg","contentUrl":"https:\/\/onyxdevelopment.pl\/targowa3\/wp-content\/uploads\/2018\/08\/logo-or-big.jpg","width":1293,"height":496,"caption":"Onyx Development"},"image":{"@id":"https:\/\/onyxdevelopment.pl\/targowa3\/#\/schema\/logo\/image\/"},"sameAs":["https:\/\/www.facebook.com\/onyxdevelopment\/"]}]}},"_links":{"self":[{"href":"https:\/\/onyxdevelopment.pl\/targowa3\/wp-json\/wp\/v2\/pages\/8","targetHints":{"allow":["GET"]}}],"collection":[{"href":"https:\/\/onyxdevelopment.pl\/targowa3\/wp-json\/wp\/v2\/pages"}],"about":[{"href":"https:\/\/onyxdevelopment.pl\/targowa3\/wp-json\/wp\/v2\/types\/page"}],"author":[{"embeddable":true,"href":"https:\/\/onyxdevelopment.pl\/targowa3\/wp-json\/wp\/v2\/users\/1"}],"replies":[{"embeddable":true,"href":"https:\/\/onyxdevelopment.pl\/targowa3\/wp-json\/wp\/v2\/comments?post=8"}],"version-history":[{"count":6,"href":"https:\/\/onyxdevelopment.pl\/targowa3\/wp-json\/wp\/v2\/pages\/8\/revisions"}],"predecessor-version":[{"id":632,"href":"https:\/\/onyxdevelopment.pl\/targowa3\/wp-json\/wp\/v2\/pages\/8\/revisions\/632"}],"wp:attachment":[{"href":"https:\/\/onyxdevelopment.pl\/targowa3\/wp-json\/wp\/v2\/media?parent=8"}],"curies":[{"name":"wp","href":"https:\/\/api.w.org\/{rel}","templated":true}]}}