{"id":24,"date":"2018-06-12T10:27:49","date_gmt":"2018-06-12T08:27:49","guid":{"rendered":"https:\/\/onyxdevelopment.pl\/promienna-premium\/?page_id=24"},"modified":"2023-05-15T15:34:21","modified_gmt":"2023-05-15T13:34:21","slug":"kontakt","status":"publish","type":"page","link":"https:\/\/onyxdevelopment.pl\/promienna-premium\/kontakt\/","title":{"rendered":"Kontakt"},"content":{"rendered":"<h3>ONYX Development Sp. z o.o. Sp. k.<\/h3>\n<h5>Biuro sprzeda\u017cy:<\/h5>\n<address>ul. dr Franciszka Witaszka 6<br \/>\n64-920 Pi\u0142a<\/address>\n<p><strong>Katarzyna Kanabaj<\/strong><\/p>\n<p>tel.: +48 728 409 822<\/p>\n<p>tel.: +48 731 102 103<\/p>\n<p>e-mail: <a href=\"mailto:biuro@onyxdevelopment.pl\">biuro@onyxdevelopment.pl<\/a><\/p>\n<p>&nbsp;<\/p>\n","protected":false},"excerpt":{"rendered":"<p>ONYX Development Sp. z o.o. Sp. k. Biuro sprzeda\u017cy: ul. dr Franciszka Witaszka 6 64-920 Pi\u0142a Katarzyna Kanabaj tel.: +48 728 409 822 tel.: +48 731 102 103 e-mail: biuro@onyxdevelopment.pl &nbsp;<\/p>\n","protected":false},"author":1,"featured_media":0,"parent":0,"menu_order":0,"comment_status":"closed","ping_status":"closed","template":"","meta":{"footnotes":""},"class_list":["post-24","page","type-page","status-publish","hentry"],"yoast_head":"<!-- This site is optimized with the Yoast SEO plugin v24.8.1 - https:\/\/yoast.com\/wordpress\/plugins\/seo\/ -->\n<title>Kontakt - Promienna Premium Pi\u0142a<\/title>\n<meta name=\"robots\" content=\"index, follow, max-snippet:-1, max-image-preview:large, max-video-preview:-1\" \/>\n<link rel=\"canonical\" href=\"https:\/\/onyxdevelopment.pl\/promienna-premium\/kontakt\/\" \/>\n<meta property=\"og:locale\" content=\"pl_PL\" \/>\n<meta property=\"og:type\" content=\"article\" \/>\n<meta property=\"og:title\" content=\"Kontakt - Promienna Premium Pi\u0142a\" \/>\n<meta property=\"og:description\" content=\"ONYX Development Sp. z o.o. Sp. k. Biuro sprzeda\u017cy: ul. dr Franciszka Witaszka 6 64-920 Pi\u0142a Katarzyna Kanabaj tel.: +48 728 409 822 tel.: +48 731 102 103 e-mail: biuro@onyxdevelopment.pl &nbsp;\" \/>\n<meta property=\"og:url\" content=\"https:\/\/onyxdevelopment.pl\/promienna-premium\/kontakt\/\" \/>\n<meta property=\"og:site_name\" content=\"Promienna Premium Pi\u0142a\" \/>\n<meta property=\"article:publisher\" content=\"https:\/\/www.facebook.com\/onyxdevelopment\/\" \/>\n<meta property=\"article:modified_time\" content=\"2023-05-15T13:34:21+00:00\" \/>\n<meta name=\"twitter:card\" content=\"summary_large_image\" \/>\n<script type=\"application\/ld+json\" class=\"yoast-schema-graph\">{\"@context\":\"https:\/\/schema.org\",\"@graph\":[{\"@type\":\"WebPage\",\"@id\":\"https:\/\/onyxdevelopment.pl\/promienna-premium\/kontakt\/\",\"url\":\"https:\/\/onyxdevelopment.pl\/promienna-premium\/kontakt\/\",\"name\":\"Kontakt - Promienna Premium Pi\u0142a\",\"isPartOf\":{\"@id\":\"https:\/\/onyxdevelopment.pl\/promienna-premium\/#website\"},\"datePublished\":\"2018-06-12T08:27:49+00:00\",\"dateModified\":\"2023-05-15T13:34:21+00:00\",\"breadcrumb\":{\"@id\":\"https:\/\/onyxdevelopment.pl\/promienna-premium\/kontakt\/#breadcrumb\"},\"inLanguage\":\"pl-PL\",\"potentialAction\":[{\"@type\":\"ReadAction\",\"target\":[\"https:\/\/onyxdevelopment.pl\/promienna-premium\/kontakt\/\"]}]},{\"@type\":\"BreadcrumbList\",\"@id\":\"https:\/\/onyxdevelopment.pl\/promienna-premium\/kontakt\/#breadcrumb\",\"itemListElement\":[{\"@type\":\"ListItem\",\"position\":1,\"name\":\"Strona g\u0142\u00f3wna\",\"item\":\"https:\/\/onyxdevelopment.pl\/promienna-premium\/\"},{\"@type\":\"ListItem\",\"position\":2,\"name\":\"Kontakt\"}]},{\"@type\":\"WebSite\",\"@id\":\"https:\/\/onyxdevelopment.pl\/promienna-premium\/#website\",\"url\":\"https:\/\/onyxdevelopment.pl\/promienna-premium\/\",\"name\":\"Promienna Premium Pi\u0142a\",\"description\":\"ONYX Development\",\"publisher\":{\"@id\":\"https:\/\/onyxdevelopment.pl\/promienna-premium\/#organization\"},\"potentialAction\":[{\"@type\":\"SearchAction\",\"target\":{\"@type\":\"EntryPoint\",\"urlTemplate\":\"https:\/\/onyxdevelopment.pl\/promienna-premium\/?s={search_term_string}\"},\"query-input\":{\"@type\":\"PropertyValueSpecification\",\"valueRequired\":true,\"valueName\":\"search_term_string\"}}],\"inLanguage\":\"pl-PL\"},{\"@type\":\"Organization\",\"@id\":\"https:\/\/onyxdevelopment.pl\/promienna-premium\/#organization\",\"name\":\"Onyx Development\",\"url\":\"https:\/\/onyxdevelopment.pl\/promienna-premium\/\",\"logo\":{\"@type\":\"ImageObject\",\"inLanguage\":\"pl-PL\",\"@id\":\"https:\/\/onyxdevelopment.pl\/promienna-premium\/#\/schema\/logo\/image\/\",\"url\":\"https:\/\/onyxdevelopment.pl\/promienna-premium\/wp-content\/uploads\/2018\/08\/logo-or-big.jpg\",\"contentUrl\":\"https:\/\/onyxdevelopment.pl\/promienna-premium\/wp-content\/uploads\/2018\/08\/logo-or-big.jpg\",\"width\":1293,\"height\":496,\"caption\":\"Onyx Development\"},\"image\":{\"@id\":\"https:\/\/onyxdevelopment.pl\/promienna-premium\/#\/schema\/logo\/image\/\"},\"sameAs\":[\"https:\/\/www.facebook.com\/onyxdevelopment\/\"]}]}<\/script>\n<!-- \/ Yoast SEO plugin. -->","yoast_head_json":{"title":"Kontakt - Promienna Premium Pi\u0142a","robots":{"index":"index","follow":"follow","max-snippet":"max-snippet:-1","max-image-preview":"max-image-preview:large","max-video-preview":"max-video-preview:-1"},"canonical":"https:\/\/onyxdevelopment.pl\/promienna-premium\/kontakt\/","og_locale":"pl_PL","og_type":"article","og_title":"Kontakt - Promienna Premium Pi\u0142a","og_description":"ONYX Development Sp. z o.o. Sp. k. Biuro sprzeda\u017cy: ul. dr Franciszka Witaszka 6 64-920 Pi\u0142a Katarzyna Kanabaj tel.: +48 728 409 822 tel.: +48 731 102 103 e-mail: biuro@onyxdevelopment.pl &nbsp;","og_url":"https:\/\/onyxdevelopment.pl\/promienna-premium\/kontakt\/","og_site_name":"Promienna Premium Pi\u0142a","article_publisher":"https:\/\/www.facebook.com\/onyxdevelopment\/","article_modified_time":"2023-05-15T13:34:21+00:00","twitter_card":"summary_large_image","schema":{"@context":"https:\/\/schema.org","@graph":[{"@type":"WebPage","@id":"https:\/\/onyxdevelopment.pl\/promienna-premium\/kontakt\/","url":"https:\/\/onyxdevelopment.pl\/promienna-premium\/kontakt\/","name":"Kontakt - Promienna Premium Pi\u0142a","isPartOf":{"@id":"https:\/\/onyxdevelopment.pl\/promienna-premium\/#website"},"datePublished":"2018-06-12T08:27:49+00:00","dateModified":"2023-05-15T13:34:21+00:00","breadcrumb":{"@id":"https:\/\/onyxdevelopment.pl\/promienna-premium\/kontakt\/#breadcrumb"},"inLanguage":"pl-PL","potentialAction":[{"@type":"ReadAction","target":["https:\/\/onyxdevelopment.pl\/promienna-premium\/kontakt\/"]}]},{"@type":"BreadcrumbList","@id":"https:\/\/onyxdevelopment.pl\/promienna-premium\/kontakt\/#breadcrumb","itemListElement":[{"@type":"ListItem","position":1,"name":"Strona g\u0142\u00f3wna","item":"https:\/\/onyxdevelopment.pl\/promienna-premium\/"},{"@type":"ListItem","position":2,"name":"Kontakt"}]},{"@type":"WebSite","@id":"https:\/\/onyxdevelopment.pl\/promienna-premium\/#website","url":"https:\/\/onyxdevelopment.pl\/promienna-premium\/","name":"Promienna Premium Pi\u0142a","description":"ONYX Development","publisher":{"@id":"https:\/\/onyxdevelopment.pl\/promienna-premium\/#organization"},"potentialAction":[{"@type":"SearchAction","target":{"@type":"EntryPoint","urlTemplate":"https:\/\/onyxdevelopment.pl\/promienna-premium\/?s={search_term_string}"},"query-input":{"@type":"PropertyValueSpecification","valueRequired":true,"valueName":"search_term_string"}}],"inLanguage":"pl-PL"},{"@type":"Organization","@id":"https:\/\/onyxdevelopment.pl\/promienna-premium\/#organization","name":"Onyx Development","url":"https:\/\/onyxdevelopment.pl\/promienna-premium\/","logo":{"@type":"ImageObject","inLanguage":"pl-PL","@id":"https:\/\/onyxdevelopment.pl\/promienna-premium\/#\/schema\/logo\/image\/","url":"https:\/\/onyxdevelopment.pl\/promienna-premium\/wp-content\/uploads\/2018\/08\/logo-or-big.jpg","contentUrl":"https:\/\/onyxdevelopment.pl\/promienna-premium\/wp-content\/uploads\/2018\/08\/logo-or-big.jpg","width":1293,"height":496,"caption":"Onyx Development"},"image":{"@id":"https:\/\/onyxdevelopment.pl\/promienna-premium\/#\/schema\/logo\/image\/"},"sameAs":["https:\/\/www.facebook.com\/onyxdevelopment\/"]}]}},"_links":{"self":[{"href":"https:\/\/onyxdevelopment.pl\/promienna-premium\/wp-json\/wp\/v2\/pages\/24","targetHints":{"allow":["GET"]}}],"collection":[{"href":"https:\/\/onyxdevelopment.pl\/promienna-premium\/wp-json\/wp\/v2\/pages"}],"about":[{"href":"https:\/\/onyxdevelopment.pl\/promienna-premium\/wp-json\/wp\/v2\/types\/page"}],"author":[{"embeddable":true,"href":"https:\/\/onyxdevelopment.pl\/promienna-premium\/wp-json\/wp\/v2\/users\/1"}],"replies":[{"embeddable":true,"href":"https:\/\/onyxdevelopment.pl\/promienna-premium\/wp-json\/wp\/v2\/comments?post=24"}],"version-history":[{"count":16,"href":"https:\/\/onyxdevelopment.pl\/promienna-premium\/wp-json\/wp\/v2\/pages\/24\/revisions"}],"predecessor-version":[{"id":1922,"href":"https:\/\/onyxdevelopment.pl\/promienna-premium\/wp-json\/wp\/v2\/pages\/24\/revisions\/1922"}],"wp:attachment":[{"href":"https:\/\/onyxdevelopment.pl\/promienna-premium\/wp-json\/wp\/v2\/media?parent=24"}],"curies":[{"name":"wp","href":"https:\/\/api.w.org\/{rel}","templated":true}]}}